 remainder when 78450 is divided by 295.
275
What is the remainder when 10833469 is divided by 17007?
10
What is the remainder when 301045 is divided by 7346?
7205
Calculate the remainder when 821651 is divided by 1660.
1611
Calculate the remainder when 244709539 is divided by 14.
11
Calculate the remainder when 44234521 is divided by 5640.
1
What is the remainder when 1139586 is divided by 1373?
1369
What is the remainder when 471040 is divided by 36229?
63
Calculate the remainder when 1670801 is divided by 2099.
2096
What is the remainder when 19313895 is divided by 777?
6
What is the remainder when 125711 is divided by 17940?
131
Calculate the remainder when 3720 is divided by 431.
272
What is the remainder when 6323922 is divided by 3805?
12
Calculate the remainder when 124719 is divided by 10089.
3651
What is the remainder when 5930948 is divided by 121?
12
What is the remainder when 24493934 is divided by 211?
210
What is the remainder when 127760 is divided by 7073?
446
Calculate the remainder when 70011 is divided by 8728.
187
Calculate the remainder when 311693 is divided by 5109.
44
What is the remainder when 49326 is divided by 1893?
108
Calculate the remainder when 1021090 is divided by 331.
286
Calculate the remainder when 6662167 is divided by 94.
11
Calculate the remainder when 104943 is divided by 34975.
18
What is the remainder when 8612844 is divided by 1230405?
9
What is the remainder when 2371631 is divided by 1115?
26
Calculate the remainder when 92642 is divided by 2503.
31
What is the remainder when 147676 is divided by 12?
4
What is the remainder when 2040255 is divided by 349?
1
What is the remainder when 182929201 is divided by 2690135?
21
Calculate the remainder when 723141 is divided by 8488.
1661
Calculate the remainder when 760841 is divided by 238.
193
What is the remainder when 820350 is divided by 3351?
2706
Calculate the remainder when 29087 is divided by 61.
51
What is the remainder when 157127632 is divided by 1707?
1696
What is the remainder when 734500 is divided by 244831?
7
Calculate the remainder when 1211786 is divided by 93214.
4
What is the remainder when 55640206 is divided by 456?
454
Calculate the remainder when 61929 is divided by 3608.
593
What is the remainder when 55510 is divided by 3275?
3110
Calculate the remainder when 251989 is divided by 251922.
67
What is the remainder when 1840398 is divided by 2082?
1992
What is the remainder when 929273 is divided by 1794?
1775
What is the remainder when 10240038 is divided by 173?
168
What is the remainder when 262286 is divided by 1485?
926
Calculate the remainder when 20990 is divided by 411.
29
Calculate the remainder when 5729866 is divided by 638.
626
What is the remainder when 157295 is divided by 31457?
10
What is the remainder when 3543685 is divided by 392?
5
Calculate the remainder when 788013 is divided by 7736.
6677
Calculate the remainder when 4171474 is divided by 73.
35
Calculate the remainder when 7946772 is divided by 1934.
1900
What is the remainder when 75534 is divided by 12376?
1278
Calculate the remainder when 62635 is divided by 62572.
63
Calculate the remainder when 1220162 is divided by 123.
2
Calculate the remainder when 63362 is divided by 1160.
722
Calculate the remainder when 26083481 is divided by 2627.
2625
What is the remainder when 112332862 is divided by 742?
740
What is the remainder when 2484550 is divided by 32?
6
What is the remainder when 95759439 is divided by 2785?
2784
What is the remainder when 38960 is divided by 32?
16
What is the remainder when 1705411 is divided by 7227?
7066
What is the remainder when 8055270 is divided by 1879?
1876
Calculate the remainder when 11164684 is divided by 815.
814
What is the remainder when 97174 is divided by 1276?
198
What is the remainder when 145835 is divided by 13223?
382
Calculate the remainder when 822545 is divided by 45694.
53
Calculate the remainder when 106905 is divided by 109.
85
What is the remainder when 628877 is divided by 1926?
1001
What is the remainder when 7543860 is divided by 1894?
58
What is the remainder when 1683799 is divided by 257?
192
What is the remainder when 640775853 is divided by 647?
640
Calculate the remainder when 435964 is divided by 12448.
284
Calculate the remainder when 67880 is divided by 22491.
407
Calculate the remainder when 444442 is divided by 3220.
82
Calculate the remainder when 234979 is divided by 271.
22
What is the remainder when 19656622 is divided by 333163?
5
What is the remainder when 267580 is divided by 4906?
2656
Calculate the remainder when 9132875 is divided by 3044291.
2
What is the remainder when 260445 is divided by 92?
85
What is the remainder when 3613095 is divided by 1806547?
1
Calculate the remainder when 12741656 is divided by 29.
13
What is the remainder when 19588498 is divided by 2902?
2900
What is the remainder when 776901 is divided by 93?
72
What is the remainder when 118448 is divided by 61?
47
Calculate the remainder when 914434 is divided by 77.
59
What is the remainder when 126966 is divided by 3476?
1830
What is the remainder when 4867472 is divided by 367?
318
Calculate the remainder when 140878 is divided by 140850.
28
Calculate the remainder when 119774393 is divided by 19962398.
5
What is the remainder when 47347 is divided by 1054?
971
What is the remainder when 283180 is divided by 2302?
34
Calculate the remainder when 313167 is divided by 4290.
4287
Calculate the remainder when 1414769 is divided by 5434.
1929
What is the remainder when 884640 is divided by 3863?
13
What is the remainder when 15450 is divided by 610?
200
Calculate the remainder when 93843 is divided by 7638.
2187
What is the remainder when 7805 is divided by 2553?
146
What is the remainder when 58008777 is divided by 180?
177
What is the remainder when 2865124 is divided by 793?
15
Calculate the remainder when 34400384 is divided by 1055.
1054
What is the remainder when 72182587 is divided by 167?
10
Calculate the remainder when 1328350 is divided by 104.
62
What is the remainder when 213537 is divided by 99?
93
Calculate the remainder when 6936596 is divided by 91271.
0
Calculate the remainder when 26204693 is divided by 242636.
5
What is the remainder when 1177656 is divided by 668?
640
What is the remainder when 4784692 is divided by 2258?
2248
What is the remainder when 978931 is divided by 677?
666
What is the remainder when 2371528 is divided by 4724?
80
What is the remainder when 15281011 is divided by 259?
11
What is the remainder when 3353270 is divided by 280?
270
Calculate the remainder when 577227 is divided by 834.
99
Calculate the remainder when 138862 is divided by 45312.
2926
Calculate the remainder when 479116 is divided by 1614.
1372
Calculate the remainder when 5265 is divided by 232.
161
Calculate the remainder when 16811797 is divided by 7.
2
What is the remainder when 796755333 is divided by 11544?
11541
Calculate the remainder when 9921 is divided by 762.
15
What is the remainder when 6223156 is divided by 21?
16
What is the remainder when 2026734 is divided by 98?
94
What is the remainder when 96654 is divided by 15897?
1272
Calculate the remainder when 36617076 is divided by 2.
0
What is the remainder when 5175654 is divided by 1121?
1118
What is the remainder when 10533343 is divided by 285?
28
What is the remainder when 1132789 is divided by 307?
266
What is the remainder when 5509 is divided by 4731?
778
Calculate the remainder when 862124 is divided by 3278.
10
Calculate the remainder when 1635115 is divided by 77.
20
What is the remainder when 514832664 is divided by 102966531?
9
Calculate the remainder when 51245844 is divided by 150.
144
Calculate the remainder when 92465936 is divided by 8.
0
Calculate the remainder when 22175370 is divided by 1583954.
14
Calculate the remainder when 161148 is divided by 122.
108
Calculate the remainder when 6639174 is divided by 1659789.
18
What is the remainder when 194299 is divided by 69?
64
What is the remainder when 15521234 is divided by 7601?
7593
What is the remainder when 30353503 is divided by 5058917?
1
What is the remainder when 12996615 is divided by 7029?
7023
What is the remainder when 29250 is divided by 2920?
50
What is the rema